{"id":1296,"date":"2025-11-25T13:27:59","date_gmt":"2025-11-25T12:27:59","guid":{"rendered":"https:\/\/test.ux-by-daria.de\/?page_id=1296"},"modified":"2026-03-01T12:04:15","modified_gmt":"2026-03-01T11:04:15","slug":"asp","status":"publish","type":"page","link":"https:\/\/test.ux-by-daria.de\/?page_id=1296","title":{"rendered":"Projekt: Website &#8211; Design"},"content":{"rendered":"\t\t<div data-elementor-type=\"wp-page\" data-elementor-id=\"1296\" class=\"elementor elementor-1296\" data-elementor-post-type=\"page\">\n\t\t\t\t<div class=\"elementor-element elementor-element-1090d4a bg_ e-flex e-con-boxed e-con e-parent\" data-id=\"1090d4a\" data-element_type=\"container\" data-e-type=\"container\" data-settings=\"{&quot;background_background&quot;:&quot;classic&quot;}\">\n\t\t\t\t\t<div class=\"e-con-inner\">\n\t\t<div class=\"elementor-element elementor-element-6f558017 e-con-full e-flex e-con e-child\" data-id=\"6f558017\" data-element_type=\"container\" data-e-type=\"container\">\n\t\t\t\t<div class=\"elementor-element elementor-element-6c491375 elementor-widget elementor-widget-heading\" data-id=\"6c491375\" data-element_type=\"widget\" data-e-type=\"widget\" data-widget_type=\"heading.default\">\n\t\t\t\t\t<h2 class=\"elementor-heading-title elementor-size-default\">St\u00e4rke &amp; Sicherheit: Ein digitaler Ankerpunkt f\u00fcr den LDA e.V.<\/h2>\t\t\t\t<\/div>\n\t\t\t\t<div class=\"elementor-element elementor-element-53fbba7 elementor-align-right elementor-mobile-align-right elementor-widget elementor-widget-button\" data-id=\"53fbba7\" data-element_type=\"widget\" data-e-type=\"widget\" data-widget_type=\"button.default\">\n\t\t\t\t\t\t\t\t\t\t<a class=\"elementor-button elementor-button-link elementor-size-sm\" href=\"https:\/\/viqph.projekt-mappe.de\/\" target=\"_blank\" rel=\"noopener noreferrer nofollow\">\n\t\t\t\t\t\t<span class=\"elementor-button-content-wrapper\">\n\t\t\t\t\t\t<span class=\"elementor-button-icon\">\n\t\t\t\t<svg aria-hidden=\"true\" class=\"e-font-icon-svg e-fas-external-link-alt\" viewBox=\"0 0 512 512\" xmlns=\"http:\/\/www.w3.org\/2000\/svg\"><path d=\"M432,320H400a16,16,0,0,0-16,16V448H64V128H208a16,16,0,0,0,16-16V80a16,16,0,0,0-16-16H48A48,48,0,0,0,0,112V464a48,48,0,0,0,48,48H400a48,48,0,0,0,48-48V336A16,16,0,0,0,432,320ZM488,0h-128c-21.37,0-32.05,25.91-17,41l35.73,35.73L135,320.37a24,24,0,0,0,0,34L157.67,377a24,24,0,0,0,34,0L435.28,133.32,471,169c15,15,41,4.5,41-17V24A24,24,0,0,0,488,0Z\"><\/path><\/svg>\t\t\t<\/span>\n\t\t\t\t\t\t\t\t\t<span class=\"elementor-button-text\">zur Webseite<\/span>\n\t\t\t\t\t<\/span>\n\t\t\t\t\t<\/a>\n\t\t\t\t\t\t\t\t<\/div>\n\t\t\t\t<\/div>\n\t\t<div class=\"elementor-element elementor-element-33bd0614 e-con-full e-flex e-con e-child\" data-id=\"33bd0614\" data-element_type=\"container\" data-e-type=\"container\" data-settings=\"{&quot;background_background&quot;:&quot;classic&quot;,&quot;position&quot;:&quot;absolute&quot;}\">\n\t\t\t\t<\/div>\n\t\t\t\t\t<\/div>\n\t\t\t\t<\/div>\n\t\t<div class=\"elementor-element elementor-element-293c211c e-flex e-con-boxed e-con e-parent\" data-id=\"293c211c\" data-element_type=\"container\" data-e-type=\"container\">\n\t\t\t\t\t<div class=\"e-con-inner\">\n\t\t<div class=\"elementor-element elementor-element-5c471522 e-con-full e-flex e-con e-child\" data-id=\"5c471522\" data-element_type=\"container\" data-e-type=\"container\">\n\t\t\t\t<div class=\"elementor-element elementor-element-61205b61 elementor-widget elementor-widget-heading\" data-id=\"61205b61\" data-element_type=\"widget\" data-e-type=\"widget\" data-widget_type=\"heading.default\">\n\t\t\t\t\t<h2 class=\"elementor-heading-title elementor-size-default\">Wer ist der Auftaggeber?<\/h2>\t\t\t\t<\/div>\n\t\t\t\t<div class=\"elementor-element elementor-element-17065616 elementor-widget elementor-widget-text-editor\" data-id=\"17065616\" data-element_type=\"widget\" data-e-type=\"widget\" data-widget_type=\"text-editor.default\">\n\t\t\t\t\t\t\t\t\t<p>Neu gegr\u00fcndet und voller Energie: Der LDA e.V. widmet sich dem essenziellen Schutz vor Gewalt und Aggression \u2013 sowohl k\u00f6rperlich als auch mental. Obwohl der Verein neu ist, bringt das Team durch erfahrene Trainer und ein erstklassiges Partner-Netzwerk bereits die volle Ladung Fachwissen und Praxiserfahrung mit in den Ring.<\/p>\t\t\t\t\t\t\t\t<\/div>\n\t\t\t\t<\/div>\n\t\t<div class=\"elementor-element elementor-element-5f4445b6 e-con-full e-flex e-con e-child\" data-id=\"5f4445b6\" data-element_type=\"container\" data-e-type=\"container\">\n\t\t<div class=\"elementor-element elementor-element-473dc2d2 e-con-full e-flex e-con e-child\" data-id=\"473dc2d2\" data-element_type=\"container\" data-e-type=\"container\" data-settings=\"{&quot;background_background&quot;:&quot;classic&quot;,&quot;position&quot;:&quot;absolute&quot;}\">\n\t\t\t\t<\/div>\n\t\t<div class=\"elementor-element elementor-element-6e9e7b98 e-con-full e-flex e-con e-child\" data-id=\"6e9e7b98\" data-element_type=\"container\" data-e-type=\"container\" data-settings=\"{&quot;background_background&quot;:&quot;classic&quot;,&quot;position&quot;:&quot;absolute&quot;}\">\n\t\t\t\t<\/div>\n\t\t\t\t<\/div>\n\t\t\t\t\t<\/div>\n\t\t\t\t<\/div>\n\t\t<div class=\"elementor-element elementor-element-39158377 e-flex e-con-boxed e-con e-parent\" data-id=\"39158377\" data-element_type=\"container\" data-e-type=\"container\">\n\t\t\t\t\t<div class=\"e-con-inner\">\n\t\t\t\t<div class=\"elementor-element elementor-element-ba07ea0 elementor-widget elementor-widget-heading\" data-id=\"ba07ea0\" data-element_type=\"widget\" data-e-type=\"widget\" data-widget_type=\"heading.default\">\n\t\t\t\t\t<h2 class=\"elementor-heading-title elementor-size-default\">Was waren die Ziele?<\/h2>\t\t\t\t<\/div>\n\t\t\t\t<div class=\"elementor-element elementor-element-9e3d03c elementor-widget__width-initial elementor-widget elementor-widget-text-editor\" data-id=\"9e3d03c\" data-element_type=\"widget\" data-e-type=\"widget\" data-widget_type=\"text-editor.default\">\n\t\t\t\t\t\t\t\t\t<p data-path-to-node=\"3\">Die Herausforderung bei diesem Projekt war spannend: Es galt, eine Plattform zu entwickeln, die Privatpersonen, Unternehmen und Beh\u00f6rden gleicherma\u00dfen anspricht. Entstanden ist eine zentrale Anlaufstelle, \u00fcber die Kurse \u2013 ob vor Ort oder digital \u2013 unkompliziert gebucht werden k\u00f6nnen. Da gerade Unternehmen oft individuelle Konzepte statt Standardl\u00f6sungen ben\u00f6tigen, wurde zudem eine direkte Option f\u00fcr Beratungsgespr\u00e4che integriert.<\/p><p data-path-to-node=\"4\">Wichtig dabei: Die aktuelle Website ist der erste Meilenstein einer gr\u00f6\u00dferen Vision. Sie bildet das solide Fundament, das darauf ausgelegt ist, mit dem Verein mitzuwachsen. Zuk\u00fcnftige Erweiterungen wie eine Onlinebibliothek, ein Community-Bereich und voll integrierte Onlinekurse sind bereits fest in der Planung.<\/p>\t\t\t\t\t\t\t\t<\/div>\n\t\t<div class=\"elementor-element elementor-element-d9a87ce e-con-full e-flex e-con e-child\" data-id=\"d9a87ce\" data-element_type=\"container\" data-e-type=\"container\">\n\t\t<div class=\"elementor-element elementor-element-35e3eb2d e-con-full e-flex e-con e-child\" data-id=\"35e3eb2d\" data-element_type=\"container\" data-e-type=\"container\">\n\t\t\t\t<div class=\"elementor-element elementor-element-6bdbe2fe elementor-widget elementor-widget-icon-box\" data-id=\"6bdbe2fe\" data-element_type=\"widget\" data-e-type=\"widget\" data-widget_type=\"icon-box.default\">\n\t\t\t\t\t\t\t<div class=\"elementor-icon-box-wrapper\">\n\n\t\t\t\n\t\t\t\t\t\t<div class=\"elementor-icon-box-content\">\n\n\t\t\t\t\t\t\t\t\t<h3 class=\"elementor-icon-box-title\">\n\t\t\t\t\t\t<span  >\n\t\t\t\t\t\t\tEinfache Selbstverwaltung\t\t\t\t\t\t<\/span>\n\t\t\t\t\t<\/h3>\n\t\t\t\t\n\t\t\t\t\t\t\t\t\t<p class=\"elementor-icon-box-description\">\n\t\t\t\t\t\tDas Backend wurde so strukturiert, dass der Vereinsleiter oder Mitarbeiter neue Trainer, Kurse und Events v\u00f6llig eigenst\u00e4ndig anlegen k\u00f6nnen. Damit der Start reibungslos klappt, habe ich ein ma\u00dfgeschneidertes Tutorial erstellt, dass die Bedienung Schritt f\u00fcr Schritt erkl\u00e4rt.\t\t\t\t\t<\/p>\n\t\t\t\t\n\t\t\t<\/div>\n\t\t\t\n\t\t<\/div>\n\t\t\t\t\t\t<\/div>\n\t\t\t\t<\/div>\n\t\t<div class=\"elementor-element elementor-element-bd129d4 e-con-full e-flex e-con e-child\" data-id=\"bd129d4\" data-element_type=\"container\" data-e-type=\"container\" data-settings=\"{&quot;background_background&quot;:&quot;classic&quot;}\">\n\t\t\t\t<div class=\"elementor-element elementor-element-59514c4b elementor-widget elementor-widget-icon-box\" data-id=\"59514c4b\" data-element_type=\"widget\" data-e-type=\"widget\" data-widget_type=\"icon-box.default\">\n\t\t\t\t\t\t\t<div class=\"elementor-icon-box-wrapper\">\n\n\t\t\t\n\t\t\t\t\t\t<div class=\"elementor-icon-box-content\">\n\n\t\t\t\t\t\t\t\t\t<h3 class=\"elementor-icon-box-title\">\n\t\t\t\t\t\t<span  >\n\t\t\t\t\t\t\tHybrid-Ready &amp; Flexibel\t\t\t\t\t\t<\/span>\n\t\t\t\t\t<\/h3>\n\t\t\t\t\n\t\t\t\t\t\t\t\t\t<p class=\"elementor-icon-box-description\">\n\t\t\t\t\t\tDas Design vermittelt Stabilit\u00e4t und Vertrauen \u2013 egal, ob man die Seite am Desktop im B\u00fcro oder kurz vor einem Training auf dem Smartphone nutzt. Die Buchungs- und Kontaktfunktionen sind f\u00fcr mobile Endger\u00e4te optimiert, damit auch unterwegs alles reibungslos l\u00e4uft.\t\t\t\t\t<\/p>\n\t\t\t\t\n\t\t\t<\/div>\n\t\t\t\n\t\t<\/div>\n\t\t\t\t\t\t<\/div>\n\t\t\t\t<\/div>\n\t\t\t\t<\/div>\n\t\t\t\t\t<\/div>\n\t\t\t\t<\/div>\n\t\t\t\t<\/div>\n\t\t","protected":false},"excerpt":{"rendered":"<p>St\u00e4rke &amp; Sicherheit: Ein digitaler Ankerpunkt f\u00fcr den LDA e.V. zur Webseite Wer ist der Auftaggeber? Neu gegr\u00fcndet und voller Energie: Der LDA e.V. widmet sich dem essenziellen Schutz vor Gewalt und Aggression \u2013 sowohl k\u00f6rperlich als auch mental. Obwohl der Verein neu ist, bringt das Team durch erfahrene Trainer und ein erstklassiges Partner-Netzwerk bereits [&hellip;]<\/p>\n","protected":false},"author":2,"featured_media":1297,"parent":0,"menu_order":0,"comment_status":"closed","ping_status":"closed","template":"","meta":{"footnotes":""},"class_list":["post-1296","page","type-page","status-publish","has-post-thumbnail","hentry"],"_links":{"self":[{"href":"https:\/\/test.ux-by-daria.de\/index.php?rest_route=\/wp\/v2\/pages\/1296","targetHints":{"allow":["GET"]}}],"collection":[{"href":"https:\/\/test.ux-by-daria.de\/index.php?rest_route=\/wp\/v2\/pages"}],"about":[{"href":"https:\/\/test.ux-by-daria.de\/index.php?rest_route=\/wp\/v2\/types\/page"}],"author":[{"embeddable":true,"href":"https:\/\/test.ux-by-daria.de\/index.php?rest_route=\/wp\/v2\/users\/2"}],"replies":[{"embeddable":true,"href":"https:\/\/test.ux-by-daria.de\/index.php?rest_route=%2Fwp%2Fv2%2Fcomments&post=1296"}],"version-history":[{"count":10,"href":"https:\/\/test.ux-by-daria.de\/index.php?rest_route=\/wp\/v2\/pages\/1296\/revisions"}],"predecessor-version":[{"id":3056,"href":"https:\/\/test.ux-by-daria.de\/index.php?rest_route=\/wp\/v2\/pages\/1296\/revisions\/3056"}],"wp:featuredmedia":[{"embeddable":true,"href":"https:\/\/test.ux-by-daria.de\/index.php?rest_route=\/wp\/v2\/media\/1297"}],"wp:attachment":[{"href":"https:\/\/test.ux-by-daria.de\/index.php?rest_route=%2Fwp%2Fv2%2Fmedia&parent=1296"}],"curies":[{"name":"wp","href":"https:\/\/api.w.org\/{rel}","templated":true}]}}